what is 445 + -1?
444
In base 11, what is -258 - -6?
-252
In base 8, what is 2 + -465?
-463
In base 8, what is -50 - 0?
-50
In base 15, what is -4 + -477?
-47b
In base 11, what is 5 - 147?
-142
In base 2, what is 101 - -111011111?
111100100
In base 12, what is -4 - 3b?
-43
In base 15, what is 1e + 1?
20
In base 12, what is -125 + -4?
-129
In base 9, what is -181 + 7?
-173
In base 9, what is 23 - -5?
28
In base 12, what is -3 - -1ba?
1b7
In base 14, what is -14c4 - -5?
-14bd
In base 10, what is 1 - 196?
-195
In base 16, what is -10 - a?
-1a
In base 5, what is -123312 - 1?
-123313
In base 9, what is 0 + -3572?
-3572
In base 4, what is -11 - 2003?
-2020
In base 7, what is 5 - -123?
131
In base 3, what is -1002 + 1?
-1001
In base 11, what is 9a + -19?
81
In base 16, what is -a - 31?
-3b
In base 2, what is -10011 + -110?
-11001
In base 5, what is -11420 - 2?
-11422
In base 4, what is -312 + 0?
-312
In base 4, what is 22230 + -12?
22212
In base 15, what is 1723 - -4?
1727
In base 12, what is 0 - -172a?
172a
In base 11, what is 109 - 4?
105
In base 10, what is 0 - -365?
365
In base 13, what is -4 + 12?
b
In base 16, what is -6 - a1?
-a7
In base 14, what is 6a - -7?
73
In base 13, what is -78ca - 4?
-7901
In base 10, what is 6 + 110?
116
In base 7, what is -45 + 621?
543
In base 12, what is 5720 - 1?
571b
In base 5, what is 121 - -111?
232
In base 3, what is -10121112 + 2?
-10121110
In base 15, what is -12 - 39e?
-3b1
In base 3, what is 100221 + 1212?
102210
In base 10, what is 2 + -281?
-279
In base 14, what is 776 + 1?
777
In base 11, what is -10 + 88?
78
In base 10, what is -1 + -4377?
-4378
In base 4, what is 12 + 1?
13
In base 2, what is -11010101 - 101100?
-100000001
In base 7, what is -4 - -2662?
2655
In base 13, what is 65 + 60?
c5
In base 16, what is 774 + -3?
771
In base 7, what is 4 + 130?
134
In base 16, what is -26 - 1b?
-41
In base 3, what is -220 - 1111?
-2101
In base 9, what is -1772 + -2?
-1774
In base 13, what is 90 - -5?
95
In base 3, what is -100 + -11?
-111
In base 14, what is 1 - -135?
136
In base 6, what is 14 + 0?
14
In base 11, what is -160 - -2?
-159
In base 3, what is -11 + -22?
-110
In base 3, what is -1 + -200221?
-200222
In base 5, what is 32 + 2111?
2143
In base 5, what is 10033 + 3?
10041
In base 10, what is -58 + -38?
-96
In base 4, what is -200 + 22?
-112
In base 7, what is -16 - -3212?
3163
In base 12, what is -13 - -2b2?
29b
In base 11, what is 39 + -4?
35
In base 10, what is -5 + -60?
-65
In base 2, what is -11001011 - 100?
-11001111
In base 7, what is 2 + -1563?
-1561
In base 14, what is 3d - 1b?
22
In base 2, what is 10001 - 110000?
-11111
In base 14, what is -2 + 80?
7c
In base 12, what is -3225 + 4?
-3221
In base 3, what is -112 + -10112?
-11001
In base 6, what is -1 - 0?
-1
In base 2, what is -100110 - -110?
-100000
In base 2, what is 1000 - 111?
1
In base 6, what is -5151 - -4?
-5143
In base 3, what is -11 + 200?
112
In base 9, what is 755 - 4?
751
In base 12, what is -362 + 18?
-346
In base 13, what is 0 - -11?
11
In base 7, what is -12156 - 2?
-12161
In base 11, what is 955 - 0?
955
In base 4, what is -20222 - 11?
-20233
In base 4, what is -223 + -1223?
-2112
In base 16, what is -1 - e?
-f
In base 13, what is 2 - 2a?
-28
In base 10, what is 2 + -289?
-287
In base 12, what is 14 + -3?
11
In base 7, what is 14454 - 2?
14452
In base 8, what is 1 + -140?
-137
In base 7, what is -3 + 353?
350
In base 9, what is 2 + -10472?
-10470
In base 11, what is -644 + 5?
-63a
In base 11, what is 202 + 5?
207
In base 12, what is a5 - 1?
a4
In base 10, what is -8005 + -2?
-8007
In base 4, what is 11 - 212?
-201
In base 16, what is 31 + -3?
2e
In base 6, what is 11 - 122?
-111
In base 7, what is 53 + 5?
61
In base 8, what is -5 - -565?
560
In base 6, what is 4 - -4352?
4400
In base 15, what is -38c - 3?
-390
In base 15, what is 66 - 3?
63
In base 6, what is 2022 - -4?
2030
In base 6, what is -2 - 40?
-42
In base 13, what is 1b + -a?
11
In base 14, what is -2 - 1823?
-1825
In base 9, what is -171 + -20?
-201
In base 7, what is -30224 + 1?
-30223
In base 11, what is 6612 - -4?
6616
In base 5, what is -12221 + -3?
-12224
In base 14, what is -c + -a06?
-a14
In base 16, what is -3 + 2ba?
2b7
In base 15, what is 2 + 5a?
5c
In base 16, what is 13 - 3?
10
In base 9, what is 4 - -2052?
2056
In base 6, what is -41 + -220?
-301
In base 14, what is 22 + -1c?
4
In base 4, what is -11 - -300?
223
In base 11, what is 264 - 1?
263
In base 11, what is 30 + 0?
30
In base 8, what is 3 - 4722?
-4717
In base 7, what is 1223 + -51?
1142
In base 11, what is 0 + -1017?
-1017
In base 4, what is 2001030 + -1?
2001023
In base 3, what is 11 - -10220010?
10220021
In base 2, what is 0 - -111101011?
111101011
In base 14, what is -455 + 3?
-452
In base 2, what is -1 - 100100?
-100101
In base 12, what is -2a - -1?
-29
In base 2, what is 111100101 + 100?
111101001
In base 9, what is 66 - 2?
64
In base 3, what is 102 - 1000101?
-222222
In base 12, what is 1 + 37?
38
In base 16, what is -1 - 1c?
-1d
In base 5, what is 4 - 124?
-120
In base 16, what is 4 - 536?
-532
In base 5, what is -2224 + -14?
-2243
In base 4, what is 10 - 3003?
-2333
In base 9, what is 454 + 4?
458
In base 11, what is -7 + -835?
-841
In base 2, what is 1 + -1100110001?
-1100110000
In base 3, what is -211121 - 1?
-211122
In base 10, what is 15319 - 4?
15315
In base 2, what is 10 + -1010?
-1000
In base 2, what is 100110110 + 10001?
101000111
In base 13, what is -263 - 3?
-266
In base 8, what is 4 - 500?
-474
In base 2, what is -11 + 1011101000001?
1011100111110
In base 16, what is -2 - -250?
24e
In base 2, what is 1011100 - -101?
1100001
In base 5, what is 1201 - 10?
1141
In base 16, what is -5 - -6c?
67
In base 14, what is 4 - -10b4?
10b8
In base 8, what is 20 - -2042?
2062
In base 14, what is -3 + d0?
cb
In base 11, what is 0 - -861?
861
In base 7, what is -3414 + -3?
-3420
In base 9, what is -455 + 0?
-455
In base 15, what is 5 + -29?
-24
In base 14, what is c1 + 9?
ca
In base 9, what is -2753 - 2?
-2755
In base 6, what is -334 + 15?
-315
In base 11, what is 5 + 134?
139
In base 2, what is -100110000 + -10?
-100110010
In base 3, what is 111021 + -11?
111010
In base 12, what is -16 + 70?
56
In base 3, what is -10 + 1012202?
1012122
In base 9, what is -252 - -4?
-247
In base 8, what is -15 + 126?
111
In base 5, what is -10 + -303?
-313
In base 12, what is -3 - -9b?
98
In base 2, what is 1010000 - 10?
1001110
In base 16, what is 2a + -41?
-17
In base 3, what is 1102 + -1200?
-21
In base 13, what is 2 - 19?
-17
In base 7, what is 63 - -10?
103
In base 14, what is -c + -13?
-21
In base 3, what is -1222121 + -11?
-1222202
In base 2, what is -1 - 101000111?
-101001000
In base 13, what is 934 + 0?
934
In base 7, what is 101 - 2?
66
In base 11, what is -1 + 63?
62
In base 4, what is -22 + -1311?
-1333
In base 2, what is 0 - -100101?
100101
In base 15, what is 1 - -29?
2a
In base 6, what is 203 - 44?
115
In base 13, what is -2b - 147?
-175
In base 14, what is 10d0 - 2?
10cc
In base 12, what is -15b8 - -5?
-15b3
In base 8, what is -106 + -2?
-110
In base 16, what is a2 - 8?
9a
In base 8, what is 12 + 33?
45
In base 13, what is -5 + -a05?
-a0a
In base 10, what is 29 + 20?
49
In base 15, what is 8007 - 5?
8002
In base 8, what is 3 - -335?
340
In base 14, what is -2 + -275?
-277
In base 12, what is -835 - -4?
-831
In base 8, what is 1 - -65?
66
In base 2, what is -1010111001 - 110?
-1010111111
In base 6, what is 3 + 45?
52
In base 11, what is 671 + 2?
673
In base 16, what is 10c2 - -3?
10c5
In base 11, what is 2 + 78?
7a
In base 6, what is -2214 - -3?
-2211
In base 14, what is 582 + 5?
587
In base 15, what is -2 - 251?
-253
In base 5, what is 0 + -13434?
-13434
In base 16, what is -2 - -25?
23
In base 12, what is 1 + 34a?
34b
In base 4, what is 32 + -302?
-210
In base 8, what is 5 + 22?
27
In base 2, what is 0 + 1000011100?
1000011100
In base 15, what is -4 - 75?
-79
In base 10, what is -3 + 2675?
2672
In base 7, what is 5 + 1060?
1065
In base 2, what is -100 + -1010000?
-1010100
In base 4, what is -2130 - 303?
-3033
In base 14, what is 3 + bc?
c1
In base 9, what is 114 - 0?
114
In base 6, what is -124 - 11?
-135
In base 11, what is 50 + 5?
55
In base 6, what is -13 - 22?
-35
In base 5, what is -10 